Is (-153)/f*(-4 + 0) composite?
True
Suppose t = 4*t - 3, -8 = -5*f - 3*t. Let y(z) be the third derivative of z**6/6 - z**5/60 - z**4/24 + z**3/6 + z**2. Is y(f) a composite number?
False
Suppose 2*c = -2*b + 2072, 4*b + 1054 = c - b. Is c a composite number?
False
Let o(r) = 4*r**2 + 46*r - 15. Is o(22) a composite number?
True
Let f = 0 - -6. Let c = f - -58. Suppose 2*i - 46 = c. Is i prime?
False
Let v be (-70)/9 + 8/(-36). Let r(t) = t**3 + 7*t**2 - 9*t - 10. Let z be r(v). Is z/6*-3*113 a composite number?
False
Let b be 2*(3 - (-3)/(-3)). Suppose 94 = -2*q + b*q. Let u = q - 26. Is u composite?
True
Is 315/2 - 10/20 prime?
True
Let q be 0 - (0 - 2)/1. Suppose -6*n = -q*n - 308. Is n a prime number?
False
Let z(o) = o**3 + 11*o**2 + 5*o + 11. Is z(-8) prime?
True
Is ((-3)/1)/(18/(-17562)) a composite number?
False
Let x = 89 - -240. Is x composite?
True
Is 142 - (-6)/(-4)*(-1 - 1) a composite number?
True
Let j = 16 + -22. Let r be -2 + j/3 + 10. Is (-2)/6 + 224/r composite?
False
Suppose -w - 80 + 716 = 0. Suppose 0 = 4*m + 4*k, 0*m = -3*m - 4*k + 5. Is 3/(-15) - w/m prime?
True
Let r(z) be the second derivative of z**4/6 + z**3/2 - 7*z**2/2 + z. Is r(6) composite?
False
Suppose -3 = h - 4*h. Let s be -2 + h + 12 + 1. Let m = 97 - s. Is m a composite number?
True
Let f(o) = o**2 + 12*o - 21. Is f(-16) prime?
True
Let h(r) = -6*r + 3. Let d be h(5). Let g be 2/(-9) - 951/d. Is (g/3)/(3/9) prime?
False
Is 1*682/(1 - -1) a prime number?
False
Let w(n) = 2*n**3 + 3*n**2 + 3*n. Let c be w(-2). Is 2/c + (-336)/(-5) prime?
True
Let q(p) = -p**2 - 11*p - 9. Let c = 0 - 7. Is q(c) composite?
False
Let o = -167 - -933. Is o composite?
True
Let z(s) = 210*s - 7. Is z(5) composite?
True
Suppose 5*l - 20 = 0, -w - 4*l + 649 + 218 = 0. Is w composite?
True
Let x = -63 - -278. Is x a composite number?
True
Let p(d) = -54*d - 13. Is p(-11) prime?
False
Let j = 1 + 4. Suppose -h - j = -24. Is h a prime number?
True
Let l = -1 + 1. Suppose 2*o = -l + 4. Is -2*(o - 114/4) a composite number?
False
Suppose 835 = 4*z - 3*s, -3*s - 12 - 3 = 0. Is z a composite number?
True
Let z(u) = 6*u**2 - 5*u + 2. Let n(j) = -j**2 + 6*j + 5. Let y be n(6). Is z(y) a composite number?
False
Suppose 73 = 2*w - 117. Is w prime?
False
Let d = -2043 - -2896. Is d a composite number?
False
Suppose 5*t = 206 + 9. Is t composite?
False
Suppose 4 = 5*s - 66. Let t = s - -21. Let a = t - 24. Is a composite?
False
Let b(y) = 2*y**2 + 4*y + 7. Let q be (-5 - 1) + 0 + 1. Is b(q) a composite number?
False
Let f(s) = 4*s**3 - s**2 + 6*s + 4. Let u(t) = 7*t**3 - 3*t**2 + 13*t + 9. Let w(r) = -7*f(r) + 3*u(r). Is w(-3) composite?
False
Suppose -t = 3*w - 762, -2262 = -3*t - 3*w + 2*w. Is t a composite number?
True
Suppose -20 = q - 5*s, -3*s = 2*q + q - 12. Is (1 - q)*(34 - -9) a prime number?
True
Let t(w) = -w**3 + 3*w**2 + 9*w - 2. Let l be t(6). Let i = l + 94. Is i a composite number?
True
Suppose -10*n + 11*n - 649 = 0. Is n composite?
True
Let l = 0 + 5. Suppose z - 6 = b + 3, 55 = l*z + 5*b. Is z a prime number?
False
Is (-1891)/(-5) + (-96)/(-120) a prime number?
True
Suppose -5*y + 1 = -3*c + 46, 5*y - 35 = -5*c. Let i be (-1)/((-6)/c)*-3. Let g = i - -11. Is g prime?
False
Suppose -26*p + 291 = -23*p. Is p a prime number?
True
Let g be (0 - 1)*-40*10. Let u be g/12 - (-2)/3. Let t = 49 - u. Is t composite?
True
Let h = -17 + 17. Suppose t - 36 = -n, -2*t - t + 4*n + 87 = h. Is t prime?
False
Let k = 3215 - 2257. Is k a prime number?
False
Let l be 1/(-2) - 15/(-10). Suppose -12 = -2*h - 2*h. Suppose -5*m - 22 = -4*x - l, -15 = -h*x + 3*m. Is x a composite number?
True
Let m(s) = 132*s**3 - s**2 + 1. Let t be m(-1). Let k = -53 - t. Is k prime?
True
Suppose 5*i - 589 = 2186. Suppose 4*c - i = -5*z, 444 = 4*z - 0*z + 4*c. Is z a composite number?
True
Let l = -241 + 348. Let a = l - 50. Is a composite?
True
Suppose 5*d = -4*f + 1605, 2*f + 5 = 3*f. Is d prime?
True
Suppose 3*k - 2*d - 2*d = -118, 16 = 4*d. Let w = 89 + k. Is w a composite number?
True
Let t(o) = -692*o**3 + 15*o**2 - 15*o + 13. Let l(j) = 346*j**3 - 7*j**2 + 7*j - 6. Let r(w) = 13*l(w) + 6*t(w). Is r(1) composite?
True
Is 1321/9 - 2 - (-2)/9 a prime number?
False
Suppose -5*f + 2*f - 18 = 0. Let a be 12/10*(-15)/f. Suppose 0 = a*l - 0*l - 141. Is l composite?
False
Suppose 0 = -z + 4*z. Suppose z = 2*w - w - 3. Is w prime?
True
Let u = -24 + 16. Is (20/(-6))/(u/36) prime?
False
Suppose 2*w - 112 = 414. Is w a composite number?
False
Suppose 5*f - 7232 - 7463 = 0. Is f prime?
True
Let k be (-1 - 2)*(-4)/3. Suppose 4 = -k*h - 4. Is (2/4)/(h/(-124)) composite?
False
Suppose 1327 = 5*c - 2578. Is c composite?
True
Let t(p) = 1433*p**2 - p. Let o be t(-1). Suppose 0 = -13*j + 10*j + o. Is j a composite number?
True
Suppose -4*h - 1 = 19. Is (-166)/h + (-10)/50 a prime number?
False
Let c(f) = 8*f**3 - 3*f**2 + 8*f + 21. Let l(s) = 3*s**3 - s**2 + 3*s + 7. Let a(r) = 4*c(r) - 11*l(r). Let z be a(-5). Let g = 189 - z. Is g prime?
False
Let y = -512 - -949. Is y prime?
False
Let x be (0 + -4)*(-48)/64. Let p = -158 + 275. Suppose -4*b = -x*r + p, 2*r - b = 4*b + 85. Is r prime?
False
Let r(n) = 33*n**2 + n + 1. Is r(-1) a composite number?
True
Suppose 5*h - g = -0*g - 52, 4*h - 2*g = -38. Let k(w) = w**2 + 7*w + 9. Is k(h) a prime number?
True
Let s(w) = w**2 + 15*w + 5. Let x be s(-15). Suppose -3*g = -x*d + 215, -3*d + 8*d = -3*g + 245. Is d prime?
False
Let m = 14 + -10. Suppose -5*d + 5 = 0, 3*x - 173 = -0*x + m*d. Is x composite?
False
Suppose 371 = -2*z - 2*s - 55, 3*s = z + 217. Let o(c) = 87*c. Let p be o(-1). Let a = p - z. Is a a composite number?
False
Let b = -1199 + 2008. Suppose -5*w = 2*q - b, 3*q + 2*q + 15 = 0. Is w prime?
True
Suppose -2*p - 2*f = -1574, -2*f = -4*p - f + 3148. Is p a composite number?
False
Let q(j) = 7*j**2 - 3*j - 17. Let i(a) = 15*a**2 - 6*a - 35. Let m(t) = -6*i(t) + 13*q(t). Is m(-8) a composite number?
True
Let h be -1*1/((-4)/8). Is (134/h)/(-3 - -4) prime?
True
Let s(x) = 116*x**2 - x + 1. Let l be s(1). Suppose 2*v - 2*n = 2*n + l, -4*v = 3*n - 188. Suppose 0 = -2*a - c + 5*c + v, -4*c + 100 = 4*a. Is a composite?
True
Is (87/9)/((-1)/(-15)) composite?
True
Suppose -q - 4*s = s - 3560, 4*s = -3*q + 10647. Is q a composite number?
True
Suppose 20*p - 24534 = 2*p. Is p prime?
False
Suppose 0 = -3*q + 4*q + 3*t + 1, 5 = 5*q + 5*t. Is 1/q - 100/(-8) composite?
False
Let c be (8/5)/((-6)/(-15)). Let f(a) = 2*a - 5. Let d be f(c). Suppose -4*i + d*i - 2*q + 52 = 0, -4*i + 4*q + 244 = 0. Is i prime?
False
Let l(v) be the third derivative of v**5/30 + 5*v**4/24 - 2*v**3/3 - 2*v**2. Is l(-5) a prime number?
False
Suppose 2*o = -3*o + 35. Let g be 13/5 - 10/(-25). Let r = g + o. Is r a prime number?
False
Let n(k) = 30*k**3 - k**2 + k. Let j be n(1). Suppose j = 2*q - 12. Let a = q - 10. Is a prime?
True
Suppose 4*f = -2*b + 16, 4*b = 5*f - 9 - 11. Let w = 2 - b. Is (1 + 177)/w + -2 a prime number?
False
Let x(a) = -4*a**2 - 7*a - 5. Let m(r) = -5*r**2 - 7*r - 4. Let g(f) = 3*m(f) - 4*x(f). Let y be g(-6). Is -2 - (-2)/(y/21) a composite number?
False
Let c be -3544*(-3 + (-36)/(-16)). Is c/22 - 4/(-22) a composite number?
True
Let f(t) = t - 4 - t - 9*t + 3*t. Suppose 0 = -4*j - 2*b - 0*b - 18, -3*j + 2*b = 17. Is f(j) prime?
False
Suppose -5*a + 764 = -a. Is a a prime number?
True
Let w = 7 - -751. Is w a composite number?
True
Let w(z) = 589*z**2 - z + 2. Let m be w(1). Suppose 5*p + m = 5*h, -h - 2*h + 324 = 3*p. Is h prime?
True
Suppose 0 = 5*m - d + 25, 2*d - 25 = 5*m - d. Let o be 76/m + 5/25. Is o/(6/(-4) + 0) a composite number?
True
Suppose 0 = -c + 2*c - 1. Is (1630/(-20))/(c/(-2)) a composite number?
False
Is -1*571/1*-1 prime?
True
Let w be -1 + 3 + -3*6. Let u = w - -22. Suppose u*o - 165 = o. Is o a prime number?
False
Let u(n) = n**3 + 3*n**2 + n. Let j be u(-1). Let m = 5 - j. Suppose i + m - 18 = 0. Is i composite?
True
Suppose -2*l = -2*s + 8, 2*s - 11 = -l + 2*l. Let h = -37 - s. Let r = h - -77. Is r a prime number?
False
Let c(i) = 3*i. Let u be c(5). Suppose -u = -2*l + l. Suppose 0 = d - l. Is d prime?
False
Is -357*3/(-1 + -8) prime?
False
Suppose -5*y - 61 + 216 = 0. Let g = 12 - 7. Suppose -g*v + y = 4*p - 46, -5*v = -25. Is p composite?
False
Let h = 